Calculate g(y).
-4
Let u(g) be the third derivative of g**5/60 - g**4/24 - 2*g**3/3 - 2*g**2. Let w = 14 - 10. Suppose -k + 5*i = -23, -5*k = w*i - 3 + 4. Determine u(k).
2
Let o(g) = g**2 + g + 1. Let c(u) = 7*u**2 + 11*u + 9. Let j(d) = c(d) - 6*o(d). Calculate j(-6).
9
Let r(g) = 2*g - 14. Let h be r(8). Suppose 3*u + 2*a - 17 = 0, -3*u - 4*a + 15 = 2. Let t = h - u. Let p(o) = o**2 + 3*o - 5. Give p(t).
5
Let k(h) = h**2 - 6*h. Let p be (24/(-10))/((-30)/75). What is k(p)?
0
Let z(o) = -3*o - 8. Let q(f) = 6*f + 17. Let r(p) = 6*q(p) + 13*z(p). Determine r(-4).
10
Let l(r) = -r**3 - r - 5. Suppose 21 = -g + 1. Let s = 20 + g. Determine l(s).
-5
Let w(d) = 2*d - 22. Let p be w(12). Let t(n) = 5*n**2 - 3*n + 1. Give t(p).
15
Let o(q) = q**2 - 4*q + 2. Suppose 0*a = -a - 6. Let m = -11 - a. Let x = -2 - m. What is o(x)?
-1
Let n(s) = 4*s - 13*s + 1 + 8*s - s**2. Determine n(5).
-29
Let h(q) be the first derivative of q**6/120 + q**5/120 + q**4/24 + q**3/3 + 8. Let v(b) be the third derivative of h(b). Calculate v(-1).
3
Let w(l) = 0*l + 6*l**2 + 3*l**2 + 4 - 3 - 2*l. Determine w(1).
8
Let q = -22 + 29. Let l(j) = 5*j**2 - 13*j + q*j**2 - 1 + 21*j - 7*j. Give l(1).
12
Let m(n) = -n - 4. Let b be m(-2). Let o(a) = -4*a - 3. Let i(j) = -2 + 3*j + 0*j + 4. Let h(z) = 5*i(z) + 4*o(z). Give h(b).
0
Let x(z) = -8*z**2 + 3*z**2 - z**3 + 3*z + 2*z**3 - 3 + 5. What is x(3)?
-7
Suppose -9*m + 4*m - 7*m = 0. Let u = -3 - -1. Let t(y) = y**3 - 3*y**2 + y + 4. Let v(n) = -n**3 + 2*n**2 - n - 5. Let o(d) = u*t(d) - 3*v(d). Calculate o(m).
7
Let w be (-13 + 13)/(-1*1). Let a(i) = i - 8. Calculate a(w).
-8
Let k(c) = -c**3 + 2*c**2 + 4*c + 1. Let l be k(3). Let h(v) = -l + 2 - v - 5. Calculate h(-5).
-2
Let j(m) be the second derivative of m**3/2 + 3*m**2 + 50*m - 2. Let k = -9 + 5. Determine j(k).
-6
Let o(n) be the second derivative of -n**5/30 - n**3/6 + 2*n. Let c(v) be the second derivative of o(v). Determine c(1).
-4
Let i(k) = -k**2 - 5*k - 5. Suppose 0 = -4*r - 3*h - 34, h - 3 = 5*r + 30. Let g = r - -3. What is i(g)?
-1
Let y(b) = -b**3 + 10*b**2 - 10*b + 9. Suppose -k + 13 = 4. Calculate y(k).
0
Suppose -9 = -0*y + y - 2*d, -5*y = 2*d - 3. Let b(i) = -i + 3*i**3 + 3*i - i**2 - 3*i. Calculate b(y).
-3
Let o(h) be the second derivative of -h**4/12 + 2*h**3/3 - 3*h**2/2 - 5*h. Give o(4).
-3
Let y(w) = -w**2 - 4*w + 5. Let d be y(-5). Suppose 0 = 5*m - 20 - d. Let l(s) = s**2 - 4*s + 4 - s**2 + s**2. Calculate l(m).
4
Let n(l) = -l**2 - 5*l - 1. Let r be n(-4). Let w(m) = m**3 - 3*m**2 - 3. Calculate w(r).
-3
Let r(m) = 3 - m + 4*m + m. Let l(a) = -9*a - 5. Let g(t) = 2*l(t) + 5*r(t). What is g(-6)?
-7
Let k(q) = -36*q + 15*q + 15*q + 5. Let t(j) = -3*j + 3. Let y(s) = -3*k(s) + 5*t(s). Calculate y(1).
3
Let d(b) = b - 6. Suppose 15 = -13*n + 18*n. Calculate d(n).
-3
Let q(n) = -n**2 - 2*n. Let t(k) = -2*k + 2. Let p be t(2). Determine q(p).
0
Let k(l) = -l**3 - 8*l**2. Let u be k(-8). Suppose u = 4*g + 4 + 4. Let f(d) = -d**3 - d**2 + 2*d + 1. Give f(g).
1
Let b(r) = -r - 7. Let l(k) = 5*k - 58. Let y be l(11). Determine b(y).
-4
Let l(u) = -u**3 - 4*u**2 - u + 4. Suppose w - 6*w - 5 = 5*v, -5*v - 13 = w. Give l(v).
-2
Suppose 0 = -2*p + p - 1. Let s be 3*p/(0 + -1). Let n = s - 2. Let m(h) = 6*h**3 - h**2 + h - 1. Determine m(n).
5
Suppose 2*s + 6 - 17 = -3*k, -2*s - k + 9 = 0. Let g be (2 - 1)*24/s. Let b(u) = u. Give b(g).
6
Let r(y) be the second derivative of -y**3/6 + y**2 + 2*y. Suppose -3*m + 1 = -8. Suppose -f = 4*v + 15, 8 - m = 2*f + v. Give r(f).
-3
Let u(m) = -27*m + 12*m + 16*m - 9. Determine u(0).
-9
Let f(p) = p + 4. Let s be f(-5). Let q = s - 3. Let v(b) = -b**3 - 5*b**2 + b + 3. Determine v(q).
-17
Suppose 4*o = 20, -5*o = -3*i + i - 19. Suppose 0 = -5*r + 25, 0 = -2*v - 3*r + i + 2. Let j(f) = -5*f**2 + 4 + 2*f + 4*f**2 - 7*f. Give j(v).
4
Let i = 3 - 4. Let m(x) be the third derivative of 1/15*x**5 - 1/24*x**4 + 2*x**2 + 0*x + 0 - 1/6*x**3. Calculate m(i).
4
Let w(f) = f + 13. Suppose 0 = -z + 4*z. Calculate w(z).
13
Let f(y) = -2*y**3 - 8*y**2 + 6*y - 4. Let q(z) = -z**3 - 4*z**2 + 3*z - 2. Let b(o) = -3*f(o) + 5*q(o). Let s be 5/(-2)*(0 - -2). Give b(s).
-8
Let w(y) = 0 + 0*y - 6*y**2 - 1 - 2*y. Let a be 1*(1 - -4)/(-5). Calculate w(a).
-5
Suppose 0*r - j + 4 = -r, 2*r + 2*j = 4. Let l(t) = -4*t**3 - t**2 - 2*t - 1. What is l(r)?
4
Suppose 3*q - 23 = 7. Let s = q - 8. Let t(d) = 4*d**2 - d - 2. What is t(s)?
12
Let l = -32 - -29. Let i(b) = 2*b**2 + 2*b - 3. Determine i(l).
9
Let o(v) be the first derivative of 3*v**2/2 + 3*v + 2. Determine o(-3).
-6
Suppose -7*v = 31 + 11. Let z(u) = u**2 + 4*u. What is z(v)?
12
Let w = -20 + 33. Let v = w - 9. Let u(m) = -2*m - 1. Give u(v).
-9
Let s(n) = n - 11. Let i(j) = -4*j + 44. Let v(a) = 2*i(a) + 9*s(a). Let w be ((-4)/(-3))/((-4)/(-6)) + 4. What is v(w)?
-5
Let y(g) = g**3 + 5*g**2 - 7*g - 8. Suppose 0*r = -2*r - 6. Let h = r - 3. What is y(h)?
-2
Let k(t) = -2*t**3 + 5*t**2 + 4*t - 3. Let q(s) = -s**3 + 2*s**2 + 2*s - 1. Let b(r) = 2*k(r) - 5*q(r). Determine b(-2).
-5
Let j(z) be the second derivative of -13*z**7/840 - z**6/360 + z**5/60 - z**4/24 - 7*z**3/6 - z. Let d(f) be the second derivative of j(f). What is d(1)?
-13
Let p(y) be the second derivative of y**4/6 + 7*y**3/6 + 2*y**2 - y. Suppose -2 = 2*a - 3*f, -5*a - 2*f = 1 - 34. Let l be ((-4)/5)/(1/a). Give p(l).
8
Let a(l) be the second derivative of -l**5/20 + l**4/3 + 5*l**3/6 - 7*l**2/2 + l. What is a(5)?
-7
Let n(i) be the second derivative of -i**3/6 - 7*i**2/2 - 21*i. What is n(-7)?
0
Let f(q) = 6*q - q**3 - 3 + q - 6*q. Calculate f(0).
-3
Let s(p) = 3*p**2 + 6*p - 2. Let g(x) = -2*x**2 - 6*x + 3. Let o(z) = 4*g(z) + 3*s(z). Suppose 0 = -8*a + 9*a - 5. Calculate o(a).
1
Let r(x) = -13*x + 5. Let a(t) = 3*t - 1. Let z(v) = -9*a(v) - 2*r(v). What is z(-2)?
1
Let u(m) = 10*m**2 + 10*m. Let d(v) = 4*v**2 + 4*v. Let o(t) = -12*d(t) + 5*u(t). Let j be o(-2). Let x(h) = h**3 - 4*h**2 - h - 3. Determine x(j).
-7
Suppose 0 = 4*t - 4*j + j - 8, 8 = 4*t + 4*j. Let i(n) = 3*n**2 + 3*n - 3. Let d be i(t). Let q be 3/d - 2/10. Let l(z) = -z + 5. What is l(q)?
5
Let b(f) be the third derivative of f**5/60 - 5*f**4/12 - 39*f**2. Give b(6).
-24
Let s(d) = d**2 - 2*d - 3. Let g be s(-2). Let t be (g*1)/((-5)/(-5)). Let o(l) be the first derivative of l**4/4 - 5*l**3/3 - l**2 + 6*l - 1. Give o(t).
-4
Let f(g) be the third derivative of -1/6*g**3 + 0 + 0*g - 1/60*g**5 - 2*g**2 - 1/12*g**4. What is f(-1)?
0
Let c(n) be the first derivative of n**3/3 - 3*n**2/2 - 2*n + 38. Calculate c(2).
-4
Let v(i) = -i + 1. Let o be v(5). Let d(g) be the third derivative of -g**4/24 - 2*g**3/3 - 2*g**2. What is d(o)?
0
Let u(m) be the third derivative of 0 - 6*m**2 + 0*m - 1/10*m**5 - 1/24*m**4 + 1/6*m**3. Calculate u(1).
-6
Let c(g) = g + 6. Let t be (-30)/(-4) + (-3)/6. Let h(m) = -m - 3. Let f(a) = t*h(a) + 4*c(a). Calculate f(3).
-6
Let r be (4/4)/(2/(-10)). Let c(s) = s**2 + 10*s + 4. Let t(v) = 2*v**2 + 19*v + 8. Let a(b) = -7*c(b) + 4*t(b). Give a(r).
-1
Let y = -31 + 37. Let p(z) = -z + 5. Give p(y).
-1
Let v(r) be the first derivative of -r**3/3 - 1. Let o(f) = f**3 - 5*f**2 + 5*f + 5. Let k(h) = o(h) + v(h). Let a = 5 - 0. What is k(a)?
5
Let q(j) = 1. Let v(d) = -3*d - 12. Let z(x) = 4*q(x) + v(x). Give z(-6).
10
Let r(o) = 1. Let z(a) = a**3 + a**2 + a - 6. Let y(l) = -6*r(l) - z(l). Let v = 22 + -16. Suppose -3*c - v = -3*s - 0*s, -4*s = -2*c. Give y(s).
6
Let z(w) = -w**3 + w**2 + w - 2. Let p be 13*17 - (3 - 6). Let c be (1/(-2))/(8/p). Let q be 4/c + (-6)/(-21). Give z(q).
-2
Let k(j) = j + 10. Let z be k(-5). Let d(h) be the second derivative of h**4/12 - 5*h**3/6 - 2*h**2 - 51*h. What is d(z)?
-4
Let c be (-6)/21 + (-342)/(-21). Let z = c - 48. Let l be 2/(-6) - z/24. Let q(m) = 2*m**2. Give q(l).
2
Let c(w) be the third derivative of w**6/120 + 11*w**5/60 + 3*w**4/8 - 5*w**3/3 - 44*w**2. Determine c(-10).
0
Let w(u) = u**2 + 2*u - 3. Suppose 5*f = -5 + 45. Suppose j + f = -j. What is w(j)?
5
Let t(r) = r**3 - 5*r**2 + 2*r - 4. Let p be 176/6 - 2/6. Suppose 0 = 2*b - i - 9, 2*b + 4*i = -3*b + p. Determine t(b).
6
Suppose -5*w - g = 11, 5*w + 1 = -3*g - 2. Let h(a) = 8*a**2 - 6*a - 2. Let v(m) = 3*m**2 - 2*m - 1. Let z(s) = -4*h(s) + 